{"id":482,"date":"2020-01-26T14:49:10","date_gmt":"2020-01-26T12:49:10","guid":{"rendered":"https:\/\/deserteursberatung-dev.diebin.at\/?page_id=482"},"modified":"2024-07-17T22:57:48","modified_gmt":"2024-07-17T20:57:48","slug":"wir-ueber-uns","status":"publish","type":"page","link":"https:\/\/deserteursberatung.at\/index.php\/wir-ueber-uns\/","title":{"rendered":"Wir \u00fcber uns"},"content":{"rendered":"\n<p><strong>Die Deserteurs- und Fl\u00fcchtlingsberatung wurde 1992 gegr\u00fcndet. Begonnen hat alles mit der Unterst\u00fctzung von serbischen und kroatischen Deserteuren. Asylantr\u00e4ge zu stellen, erwies sich als eine M\u00f6glichkeit, den Widerstand gegen diesen Krieg zu unterst\u00fctzen. Heute kommen die Klient*innen aus \u00fcber 40 L\u00e4ndern. Sie haben die verschiedensten Fluchtgr\u00fcnde. Dem wird der heutige Name Deserteurs- und Fl\u00fcchtlingsberatung gerecht.<\/strong><\/p>\n\n\n\n<p>Seit 1992 beraten wir gefl\u00fcchtete und illegalisierte Menschen und das&#8230;<\/p>\n\n\n\n<p><strong>unabh\u00e4ngig<\/strong><\/p>\n\n\n\n<p>Wir\n\tund die Menschen, die zu uns kommen, bestimmen den Inhalt unserer\n\tArbeit. Uns anvertraute Interessen behandeln wir vertraulich und\n\tvertreten sie parteilich!<\/p>\n\n\n\n<p><strong>kostenlos<\/strong><\/p>\n\n\n\n<p>Unsere Beratung ist kostenlos. Der Zugang zu Recht darf nicht an finanzielle Mittel gekoppelt sein. Recht muss f\u00fcr alle zug\u00e4nglich sein!<\/p>\n\n\n\n<p><strong>individuell\n\t&amp; umfassend<\/strong><\/p>\n\n\n\n<p>Jede\n\tBeratung ist anders und jeder* Mensch hat eine eigene Geschichte und\n\teigene Bed\u00fcrfnisse. Deswegen legen wir Wert auf einen\n\tunb\u00fcrokratischen Zugang und Gespr\u00e4chsablauf.<\/p>\n\n\n\n<p><strong>selbstorganisiert<\/strong><\/p>\n\n\n\n<p>Unsere\n\tStruktur organisieren wir mit geteilter Verantwortung, ohne Chefs*\n\tund ohne Bezahlung. Durch das 4-Augen-Prinzip und zeitintensiven\n\tEinsatz wahren wir die hohe Qualit\u00e4t.<\/p>\n\n\n\n<p><strong>niederschwellig<\/strong>\n\t<strong>&amp; einzigartig<\/strong><\/p>\n\n\n\n<p>Eine\n\tErstberatung bekommen bei uns alle, ohne Voranmeldung und\n\tVoraussetzungen. Menschen, die wegen &#8222;aussichtslosen Verfahren&#8220;\n\tvon anderen Stellen weggeschickt werden oder vom Rechtssystem als\n\t&#8222;illegal&#8220; abgestempelt werden, finden bei uns Beratung.<\/p>\n\n\n\n<p><strong>Wir\n\tbieten Beratung f\u00fcr:<\/strong><\/p>\n\n\n\n<p>&#8211;\n\tMenschen im laufenden und nach dem Asylverfahren<\/p>\n\n\n\n<p>&#8211;\n\tMenschen im fremdenpolizeilichen Verfahren<\/p>\n\n\n\n<p>&#8211;\n\tillegalisierte Menschen<\/p>\n\n\n\n<p>&#8211;\n\tMenschen in Schubhaft &#8211; Menschen in \u201eaussichtslosen Verfahren\u201c<\/p>\n\n\n\n<p><strong>FLUCHTWEGE\nFREIHALTEN!<\/strong><\/p>\n","protected":false},"excerpt":{"rendered":"<p>Die Deserteurs- und Fl\u00fcchtlingsberatung wurde 1992 gegr\u00fcndet. Begonnen hat alles mit der Unterst\u00fctzung von serbischen <a class=\"more-link\" href=\"https:\/\/deserteursberatung.at\/index.php\/wir-ueber-uns\/\">weiterlesen&#8230;<\/a><\/p>\n","protected":false},"author":2,"featured_media":488,"parent":0,"menu_order":0,"comment_status":"closed","ping_status":"closed","template":"","meta":{"footnotes":""},"class_list":["post-482","page","type-page","status-publish","has-post-thumbnail","hentry"],"_links":{"self":[{"href":"https:\/\/deserteursberatung.at\/index.php\/wp-json\/wp\/v2\/pages\/482","targetHints":{"allow":["GET"]}}],"collection":[{"href":"https:\/\/deserteursberatung.at\/index.php\/wp-json\/wp\/v2\/pages"}],"about":[{"href":"https:\/\/deserteursberatung.at\/index.php\/wp-json\/wp\/v2\/types\/page"}],"author":[{"embeddable":true,"href":"https:\/\/deserteursberatung.at\/index.php\/wp-json\/wp\/v2\/users\/2"}],"replies":[{"embeddable":true,"href":"https:\/\/deserteursberatung.at\/index.php\/wp-json\/wp\/v2\/comments?post=482"}],"version-history":[{"count":4,"href":"https:\/\/deserteursberatung.at\/index.php\/wp-json\/wp\/v2\/pages\/482\/revisions"}],"predecessor-version":[{"id":1649,"href":"https:\/\/deserteursberatung.at\/index.php\/wp-json\/wp\/v2\/pages\/482\/revisions\/1649"}],"wp:featuredmedia":[{"embeddable":true,"href":"https:\/\/deserteursberatung.at\/index.php\/wp-json\/wp\/v2\/media\/488"}],"wp:attachment":[{"href":"https:\/\/deserteursberatung.at\/index.php\/wp-json\/wp\/v2\/media?parent=482"}],"curies":[{"name":"wp","href":"https:\/\/api.w.org\/{rel}","templated":true}]}}